be the second derivative of -q**6/120 - 5*q**4/12 + q. Let n(d) be the third derivative of r(d). List the prime factors of n(-13).
2, 3, 13
List the prime factors of 2/((-4 - (-12 + 5))/2)*1731.
2, 577
Suppose -194*q = -482523 - 37519 - 7169536. List the prime factors of q.
13, 3049
Suppose 3498*a = 3535*a - 1090871. What are the prime factors of a?
29483
Let d(h) = 52803*h**3 - 5*h**2 - 33*h + 38. List the prime factors of d(1).
3, 5867
Suppose -4*k - 53840 = -5*s, -223*s + 226*s + 5*k - 32304 = 0. What are the prime factors of s?
2, 673
Suppose 4*l - 52*v - 32 = -53*v, -3*v + 32 = 4*l. List the prime factors of (-13664)/(-16) - (-2 + l).
2, 53
Suppose 3*s - 19*s = 384. Let i be s/16*2/3. List the prime factors of 92 + -5 - (1 + -4 - i).
89
Let f be (3/2)/((-5)/(-3010)*7). Let s be (35/15)/((-1)/f). What are the prime factors of 66/132 + 1/((-2)/s)?
151
Suppose -20 = -x - 19. List the prime factors of (158/6)/(6/36)*x.
2, 79
Let a(y) = -551*y - 1298. What are the prime factors of a(-19)?
3, 1019
Suppose -8*s = -9*s - 3*v - 13, s - 2*v = 12. Suppose 3*n - 303 = -2*k, -s*k + k + 162 = -2*n. List the prime factors of k.
2, 3, 13
Let p = -23 + 26. Let v be (70 + 3)*p + 1. Suppose -v = -2*y - 2*y - m, -4*y + 232 = 4*m. What are the prime factors of y?
2, 3
Let c(f) = 232*f**2 - 15*f + 8. Let s be c(10). Suppose 11*q - 2*q = -s. List the prime factors of 2/(-7) - q/49.
2, 13
Let z = -9279 - -14086. List the prime factors of z.
11, 19, 23
Let h = -236 - -411. List the prime factors of 10/h - (-44518)/35.
2, 3, 53
Suppose -7*r + 3*r = 224. Let s be -1*8*644/r. Let v = s - 81. List the prime factors of v.
11
Suppose 4214 = 4*n - 10770. What are the prime factors of n?
2, 1873
Let g be (-2 - (3 + -1)) + 21. Suppose 0*u = d - 3*u - g, 5*u + 31 = 3*d. Suppose 0 = -9*v - d*v + 1441. What are the prime factors of v?
131
Let y = 28 + -578. What are the prime factors of ((-10)/(-4))/((-5)/y)?
5, 11
Suppose 0 = -4*p + 16284 - 908. Let q = p - 2180. What are the prime factors of q?
2, 13
Suppose 6 = -v - 5*w + 1, 5*w - 10 = -2*v. Suppose 5*u = -b + v, 0 = 2*u + 3 - 13. List the prime factors of (-6)/b + (-56)/(-40).
2
What are the prime factors of (-13060)/(-6)*47/(1175/180)?
2, 3, 653
Let p(y) = 3*y + 4. Let w be p(-8). List the prime factors of (528/w)/(-6)*35.
2, 7, 11
Suppose 2*k - 295 = -4*u + 489, 4*k - 3*u = 1612. Suppose -j - 4*l + 366 = 0, -3*j = 4*l - 658 - k. What are the prime factors of j?
2, 173
Let v be (-6)/9 + 9595/15. Suppose 0 = 2*u + 2*u - p - v, -4*u = p - 649. Suppose -2*r + 397 = -u. List the prime factors of r.
3, 31
Suppose -a = 5*u - 102156, -2*u + 662*a - 667*a + 40867 = 0. List the prime factors of u.
20431
Let c(f) = f**3 - f**2 - 9*f - 15. Let z(h) = h**2 + 10*h + 16. Let i be z(-9). What are the prime factors of c(i)?
2, 3
Let b be 272/44 - 2*4/44. Suppose 3*p = b, 5*i - 4*p = 7929 + 13. List the prime factors of i.
2, 3, 5, 53
Let c(y) = y**3 - y**2 - y + 1. Let k be c(0). Suppose 0 = 6*i - 10410 + 894. What are the prime factors of i/8 + k/(-4)?
2, 3, 11
Suppose -8*n + 7*n - 4*z = 28, 28 = -2*n - z. What are the prime factors of (-2722)/n - ((-66)/36)/11?
227
Suppose 221*h - 11338834 + 4385732 = -0*h. List the prime factors of h.
2, 15731
Suppose -5*y + y = x - 79, 0 = x + 1. Suppose -4*q - 2*u - 2*u = 0, -5*u = q + y. Suppose 0 = -p - 1, -466 = -q*c - p + 68. List the prime factors of c.
107
Let d = -106 - -111. Suppose -b - 2*o + 124 = -180, -1506 = -d*b + 4*o. What are the prime factors of b?
2, 151
Suppose 198*a - 66*a - 4118814 = -62*a. What are the prime factors of a?
3, 7, 337
Suppose 47*z - 312993 - 128387 = 799044. List the prime factors of z.
2, 3299
Let f(n) = -6*n**2 - 9*n + 25. Let w(z) = -z**2 - z. Let d(y) = f(y) - 4*w(y). Let r be d(8). Let o = 246 + r. List the prime factors of o.
103
Let p = -71 + 67. Let m be p - (-23 - -2)/3. Suppose 0 = 2*r - w - 107, m*r - w - 54 - 104 = 0. List the prime factors of r.
3, 17
Let f be ((-645)/60)/(1/(-16)). Let i = 253 - f. List the prime factors of i.
3
Let w = 15696 - 56. List the prime factors of w.
2, 5, 17, 23
Suppose 0 = -u - 2, -30*u - 2125 = -s - 34*u. Suppose 3*a - 37*v - s = -34*v, -5*a + 3551 = -3*v. List the prime factors of a.
709
Suppose -2*y + 159 = 3*w + 1664, 4*y = -16. Let s = 534 + w. What are the prime factors of s?
5, 7
Let w(c) = -14*c + 141. Let f be w(10). List the prime factors of (141 - -2) + 5/f.
2, 37
Let l(a) = a**2. Let z be l(-2). Let w(r) = -r**2 - 7*r - 10. Let n be w(-4). List the prime factors of (n/6)/((z/354)/2).
59
Suppose -4*k = 4*r - 61328, 4*k + 5*r = 10294 + 51027. List the prime factors of k.
3, 5113
Let d(m) = -m - 1. Let r be d(-1). Let k be (-1)/((-1 + r)*5/(-10)). Let s(b) = 2*b**2 + 5*b + 8. What are the prime factors of s(k)?
2, 3
List the prime factors of (-21)/6 - ((-476151)/2)/13.
2, 5, 1831
Suppose 0 = 2*g + 3*x - 4121, 7*x = -4*g + 7119 + 1126. What are the prime factors of g?
2, 257
Suppose 3*c = 4*x - 50 - 13, x + 31 = -2*c. Let r be (-6)/(-18) - c/6*2. Suppose 5*k = o - r*o + 605, -4*o + 5*k = -439. List the prime factors of o.
2, 29
Suppose 314 = -6*g - 1432. Let y = 793 + g. What are the prime factors of y?
2, 251
Let q(w) = 3*w**2 + 4*w + 6*w**2 + 7 - 5*w**2. Let l = -478 + 472. List the prime factors of q(l).
127
Suppose 432*m - 305*m - 3832987 = 0. What are the prime factors of m?
30181
List the prime factors of 72/252 - 608404/28*-1.
3, 7243
List the prime factors of 50*2/(3 + 1716/(-573)) - -3.
7, 2729
Suppose 277*i - 282*i = -7280. Suppose -2*y + i = 2*y + 3*b, -2*y + 728 = 3*b. What are the prime factors of y?
2, 7, 13
Suppose -41*u + 576092 = 44*u - 41*u. List the prime factors of u.
13093
Suppose 10763657 = 144*a + 111*a - 457108. List the prime factors of a.
79, 557
Suppose -3*b - 64*u = -61*u - 57624, b - 5*u = 19250. List the prime factors of b.
3, 5, 7, 61
Suppose 754 = 7*z - 9865. List the prime factors of z.
37, 41
Let v be 20/30 + (-2)/12*58. Let g(u) = -92*u - 39. What are the prime factors of g(v)?
3, 263
Suppose 3*f = -2*f + 2*z + 836, 0 = 5*z - 10. Suppose -828 = 5*q - 0*q + 4*o, -q = 2*o + f. Let t = -108 - q. List the prime factors of t.
2, 7
Let n = -20314 + 29424. List the prime factors of n.
2, 5, 911
Let z = 52 - 48. Suppose 5*i - z*s - 680 = -0*s, -272 = -2*i + 5*s. What are the prime factors of (i/6)/(-1 + (-44)/(-36))?
2, 3, 17
Suppose 836*o - m - 3078 = 835*o, 0 = 2*o - 5*m - 6150. List the prime factors of o.
2, 5, 7, 11
Let v be (89 - (-2 - -1))*310/15. Suppose v = 16*c - 220. What are the prime factors of c?
2, 5, 13
Let k(s) = 12*s - 79. Let p be k(15). Let f = p - 17. What are the prime factors of f?
2, 3, 7
Suppose u - 21 = -6*u. Suppose 0 = -3*n - c + 34, 2*c = u*n - 28 + 6. Suppose -n = 2*o - 24. What are the prime factors of o?
7
Let v = 87 - 258. Let c = 743 + v. List the prime factors of c.
2, 11, 13
Suppose -5*j + 35 = -0. Suppose -j*i = -17 - 4. Suppose -4*f = -5*f + i*d + 124, 3*f + 5*d - 358 = 0. List the prime factors of f.
11
Suppose 0*y - 3*y - 30 = 0. What are the prime factors of 5*(-6)/(-15)*(-1555)/y?
311
Let n(k) = -77*k + 2. Let p be n(-2). Suppose 5*s - 2*i - 2757 = 0, p = 4*s + i - 2060. What are the prime factors of s?
7, 79
Let q be (1*-10220)/(-7) - 2. Let u = q - 714. What are the prime factors of u?
2, 3, 31
Suppose 0 = 51219*q - 51234*q + 201225. What are the prime factors of q?
5, 2683
Let m(s) = s**2 + 11*s - 21. Let v be m(-13). Suppose 0 = -j - q + 48, 2*j - 40 = v*q + 63. Suppose 0 = 5*t - 12*t + j. What are the prime factors of t?
7
List the prime factors of (-58)/(-435) + (-2 - (-1471286)/30).
3, 5449
Suppose 8 = 2*z - 2. Suppose -s - z = -2*i - 3*i, -i - s + 1 = 0. Suppose -4*j + 5 = i, 3*t = -3*j + 330. List the prime factors of t.
109
Suppose 165342 = -273*x + 586035. What are the prime factors of x?
23, 67
Suppose 0 = -n - 1, -38*n + 35*n + 21157 = 4*l. Suppose -3*a = -13*a + l. What are the prime factors of a?
23
Suppose 2*z = 357 - 339. Suppose z*q - q - 128 = 0. List the prime factors of q.
2
Let d(a) = -8*a - 2. Let u be d(-1). Suppose -15*k + u*k = -3942. List the prime factors of k.
2, 3, 73
Suppose 5*m = -2*g - 13 - 60, 0 = -2*m - 4*g - 42. Let u(x) = x**2 + 13*x + 1. Let p be u(m). Suppose -15 = -2*r - p. What are the prime factors